 i be (4*-3)/(3/(-2)). Let b be ((-19)/4)/(2/i). What is the remainder when (-5)/(-5) + -1 - b is divided by 5?
4
What is the remainder when (-2)/((3060/(-513) - -6)/(-20)) is divided by 1?
0
Let p be (-6)/12 - 53/(-2). What is the remainder when (-4)/6 - 1240/(-24) is divided by 3/(-2)*p/(-3)?
12
Suppose 6*x + 132 = 222. Suppose 35*q - x = 34*q. What is the remainder when 524 is divided by q?
14
Let m(g) = 2*g**2 - 6*g - 31. Let z be m(6). Suppose 0 = -3*x - 2*h + 100, -2*x + z*h + 44 = 9. Calculate the remainder when x is divided by 7.
2
Let w(t) = -2*t**3 - 574*t + 3*t**3 + 1 - 2*t**2 + 582*t. What is the remainder when 26 is divided by w(2)?
9
Let m(a) = -7*a - 52. Let t(n) = -5*n**2 - n + 2. Let y be t(-3). Let l = y - -71. Calculate the remainder when m(-16) is divided by l.
29
Suppose -3*d = 7 + 20. What is the remainder when 76 is divided by 28 + ((-6)/d - (-14)/(-3))?
4
Let k(v) = -2*v**2 + v. Let w(z) = -9*z**2 + 25*z - 2. Let h(x) = 4*k(x) - w(x). Let u be (7/4)/(4/48). Calculate the remainder when 4 is divided by h(u).
0
Suppose 0 = -4*h - j + 46, 2*j - 53 = 73*h - 78*h. What is the remainder when h is divided by 3?
1
Let x = -6226 - -6257. Calculate the remainder when 524 is divided by x.
28
Suppose 3*t - 45 = 3*m, 5*m = -3*t + 23 + 62. Suppose 2*s - 7*s = t. What is the remainder when 45 is divided by s*6/(-12) + 21/1?
22
Let q = 10666 + -9467. Calculate the remainder when q is divided by 30.
29
Suppose -3*f + 17 = -28. Suppose 0 = p + 2*l + 2, -3*p + 4*p + 4*l + 8 = 0. Suppose -4 = -p*y + 88. What is the remainder when y is divided by f?
8
Suppose 22 = 4*l - 2. Suppose n - l = 16. Suppose 2*i - 5*t - 150 = 0, 394 = -154*i + 159*i - 3*t. What is the remainder when i is divided by n?
14
Suppose 2*m = -4*s - 449 + 773, -s - 5*m = -108. Let g(y) = 4*y**2 + 7*y - 5. What is the remainder when g(10) is divided by s?
75
Let h(s) = 2*s**2 + 151*s - 646. Let u = -14 - -17. Suppose 0 = u*r - 16 - 59. What is the remainder when h(-80) is divided by r?
24
Let n = 2859 + -2795. Calculate the remainder when n is divided by 34.
30
Suppose 4*h - 7*h = -21. Let p(v) = -v**3 + 6*v**2 + 11*v - 6. Calculate the remainder when (16 + -184)*((-9)/(-6) - 2) is divided by p(h).
18
Let k = 1002 - 993. What is the remainder when 5379 is divided by k?
6
Suppose -524432 - 37080 = -56*f. Calculate the remainder when f is divided by 46.
45
Let j(q) = 32 + q + q**3 + 20 - q**2 + 0*q**3 + 37. Let d = -2514 - -2545. What is the remainder when j(0) is divided by d?
27
Let h = 1316 + -1296. What is the remainder when ((-4)/(-6))/(3875/1290 + -3) is divided by h?
12
Let z = 4206 - 4179. What is the remainder when 1533 is divided by z?
21
Let c = 65 + -59. What is the remainder when 3/(3/76) + 2/(-2) is divided by c?
3
Suppose 9*g - 1207 = 35. Calculate the remainder when 554 is divided by g.
2
Calculate the remainder when (-28)/(-3)*((-105)/14 + 33) is divided by 217.
21
Suppose 0 = 340*y + 413 + 880 - 12853. Calculate the remainder when 126 is divided by y.
24
Let g(w) = 2*w - 4*w + 5*w - 1 - 4*w. Let r = -559 - -587. What is the remainder when r is divided by g(-7)?
4
Let o(l) = 1598*l + 6399. What is the remainder when 1808 is divided by o(-4)?
2
Suppose 29*d = -246*d + 14025. Calculate the remainder when 1397 is divided by d.
20
Let v = 246 + -236. Suppose 5*y = 6 + 24. What is the remainder when y*-5*(-3)/6 is divided by v?
5
Let g(l) = 3*l**3 + 76*l**2 + 24*l - 16. Calculate the remainder when 45 is divided by g(-25).
0
Suppose -30*c - 315 = -33*c. Calculate the remainder when 98 is divided by (c/126)/(4/168).
28
Suppose 14*b - 59 = 47*b - 1280. Calculate the remainder when 747 is divided by b.
7
Let r = -463 - -706. Calculate the remainder when r is divided by (211 + -151)*((-2)/(-4) + (-5)/(-50)).
27
Let y be (-8)/2 + (7 - 11). Let i be (0 - 4/6)/(y/36). Suppose -2*s = 2*n - 26, 111 = 5*n - i*s + 22. What is the remainder when 31 is divided by n?
15
Suppose -181*a + 1370 = 103. Calculate the remainder when 317 is divided by a.
2
Let y(h) = 5*h**2 + 54*h + 511. What is the remainder when y(-10) is divided by 455?
16
Suppose -4616 = -130*g - 447 + 4021. Suppose -3*q = -2*a - 66, -4*a = -q - 2*a + 22. Calculate the remainder when g is divided by q.
19
Let y(w) = 4*w**3 - 6*w**2 + 25*w + 5. Let v be y(6). Suppose -36*d + 61 = -v. Suppose -5*m = -26 - 14. What is the remainder when d is divided by m?
0
Suppose 2*w + 16 = -l + 77, 0 = -5*l - w + 350. Let f = l + 24. What is the remainder when f is divided by 12?
11
Let p = -197 + 201. Suppose 0 = 5*o - 9*n + 4*n - 245, 3*o = p*n + 145. What is the remainder when o is divided by 26?
25
Let h(o) = o**3 + 8*o**2 + 5*o - 10. Suppose -n - 42 = 6*n. Let g be h(n). Let p = g - 22. Calculate the remainder when 27 is divided by p.
7
Suppose -15*r = 1052 + 373. Let s = r + 79. Let k(y) = y**2 + 13*y - 30. Calculate the remainder when 107 is divided by k(s).
17
Let i(x) = -x**3 + 23*x**2 - 106*x - 13. Let t(b) = -b**3 + 5*b**2 + 18*b - 10. Calculate the remainder when i(7) is divided by t(7).
11
Let g = 39027 - 38990. What is the remainder when 955 is divided by g?
30
Suppose 2968 = 5*o - 4*t, -2*t - 810 - 1562 = -4*o. What is the remainder when o is divided by 9?
7
Suppose 0 = -18*f - 214 + 574. Suppose 2*x - 53 = 23. Calculate the remainder when x is divided by f.
18
Let t(o) = 3*o + 12. Let m(z) = 14*z + 49. Let w(s) = -2*m(s) + 9*t(s). Let c be w(11). What is the remainder when 65 is divided by c + (4 - (-40)/2 - 1)?
21
Suppose -45 = i - 4*i. Suppose 3*k + 3 = 0, -2*a - 14 = -4*a + 4*k. Suppose -a*j + 7*j - 58 = 0. What is the remainder when j is divided by i?
14
Suppose -1495*j = -y - 1492*j + 44, -3*j = -2*y + 76. Calculate the remainder when 636 is divided by y.
28
Suppose -41 - 65 = -j. Suppose 13*o - 1013 = -18*o - 52. What is the remainder when j is divided by o?
13
Let m = 4763 + -4752. Calculate the remainder when 1087 is divided by m.
9
Let h = 1235 - 1219. Let i = 14 - 20. Let p = h - i. What is the remainder when 131 is divided by p?
21
Let a = 103 - 100. Suppose -2*w + 6*r - a*r = -20, 2*w - 4*r = 24. Calculate the remainder when 97 is divided by (0 - w) + (44 - 4 - 3).
31
Let v be (-14)/28 + (-33)/(-18)*3. Let o(y) = 2*y**2 + 2*y - 37. Calculate the remainder when 67 is divided by o(v).
21
Let c = -3896 - -3973. What is the remainder when 195 is divided by c?
41
Let l be (2 - -1)/(-3) - -39. Let g = 31 - l. Calculate the remainder when 9 is divided by (-663)/(-119) + (-3)/g.
3
Let u(l) = -l**3 - 78*l**2 - 74*l + 233. Calculate the remainder when 132 is divided by u(-77).
0
Calculate the remainder when 1324 is divided by 10600/16 + (171/(-18) - -9).
0
Suppose -5*c = -r + 607, -1228 = -2*r - 52*c + 55*c. What is the remainder when r is divided by 214?
189
Let p be 2/(-4)*(1*12 - 0). Let w(g) = g**2 + 3*g - 10. Let h be w(p). Suppose 0 = -h*a + 4*a + 236. Calculate the remainder when a is divided by 10.
9
What is the remainder when 1155 is divided by 1/(-3) + 4348/12 + -7?
90
Let m = 979 + -938. Suppose 28 = p + 5. Calculate the remainder when m is divided by p.
18
Let d(f) = f + 13. Let h be d(-8). Suppose -44 = -h*g + 441. What is the remainder when g is divided by 40/(-2)*(2 + -3)?
17
Suppose 0 = 66*k - 61*k - 20. Suppose 0*h - 113 = -h + k*o, 0 = -5*h - 4*o + 445. Calculate the remainder when h is divided by 17.
8
Suppose 0 = 5*j + g - 85, -j + 4*j - 2*g = 38. Let z be 288/27 + -10 + (-2)/(-6). Calculate the remainder when ((-19)/(-9) - z/9)*36 is divided by j.
8
Suppose -5*a - v = -51, 0 = -2*a + v - 11 + 37. What is the remainder when -48*(5 + (-63)/9) is divided by a?
8
Let f(s) = -2*s**3 + 4*s**2 + 4*s - 4. Calculate the remainder when 555 is divided by f(2).
3
Calculate the remainder when 25*16 + (-6 - 8 - -8) is divided by 3.
1
Let y = -33 + 20. Let j = -10 - y. Suppose j*l + 1274 = 17*l. Calculate the remainder when l is divided by 31.
29
Suppose 2*g - 5*b - 65 - 25 = 0, -5*g - 4*b + 192 = 0. Let z be (920/50)/(1/(-15)). Let d = -197 - z. What is the remainder when d is divided by g?
39
Let r(k) = -3888*k**3 - 3*k**2 + 63*k + 64. What is the remainder when r(-1) is divided by 78?
64
Let n(x) = 22*x - 214. Let w be n(10). Suppose 714 = -w*k + 20*k. Calculate the remainder when 239 is divided by 